{"id":27,"date":"2020-11-12T22:00:19","date_gmt":"2020-11-13T01:00:19","guid":{"rendered":"http:\/\/trevofotoclube.com.br\/?page_id=27"},"modified":"2026-02-21T14:52:02","modified_gmt":"2026-02-21T17:52:02","slug":"sobre","status":"publish","type":"page","link":"https:\/\/trevofotoclube.com.br\/index.php\/sobre\/","title":{"rendered":"O Trevo"},"content":{"rendered":"\t\t<div data-elementor-type=\"wp-post\" data-elementor-id=\"27\" class=\"elementor elementor-27\" data-elementor-settings=\"[]\">\n\t\t\t\t\t\t<div class=\"elementor-inner\">\n\t\t\t\t\t\t\t<div class=\"elementor-section-wrap\">\n\t\t\t\t\t\t\t<section class=\"elementor-section elementor-top-section elementor-element elementor-element-23e3623 elementor-section-boxed elementor-section-height-default elementor-section-height-default\" data-id=\"23e3623\" data-element_type=\"section\">\n\t\t\t\t\t\t<div class=\"elementor-container elementor-column-gap-default\">\n\t\t\t\t\t\t\t<div class=\"elementor-row\">\n\t\t\t\t\t<div class=\"elementor-column elementor-col-100 elementor-top-column elementor-element elementor-element-7b407a7\" data-id=\"7b407a7\" data-element_type=\"column\">\n\t\t\t<div class=\"elementor-column-wrap elementor-element-populated\">\n\t\t\t\t\t\t\t<div class=\"elementor-widget-wrap\">\n\t\t\t\t\t\t<div class=\"elementor-element elementor-element-d357291 elementor-widget elementor-widget-heading\" data-id=\"d357291\" data-element_type=\"widget\" data-widget_type=\"heading.default\">\n\t\t\t\t<div class=\"elementor-widget-container\">\n\t\t\t<h2 class=\"elementor-heading-title elementor-size-default\">Nossa Hist\u00f3ria<\/h2>\t\t<\/div>\n\t\t\t\t<\/div>\n\t\t\t\t\t\t<\/div>\n\t\t\t\t\t<\/div>\n\t\t<\/div>\n\t\t\t\t\t\t\t\t<\/div>\n\t\t\t\t\t<\/div>\n\t\t<\/section>\n\t\t\t\t<section class=\"elementor-section elementor-top-section elementor-element elementor-element-53a933f elementor-section-boxed elementor-section-height-default elementor-section-height-default\" data-id=\"53a933f\" data-element_type=\"section\">\n\t\t\t\t\t\t<div class=\"elementor-container elementor-column-gap-default\">\n\t\t\t\t\t\t\t<div class=\"elementor-row\">\n\t\t\t\t\t<div class=\"elementor-column elementor-col-100 elementor-top-column elementor-element elementor-element-4ce5b79\" data-id=\"4ce5b79\" data-element_type=\"column\">\n\t\t\t<div class=\"elementor-column-wrap elementor-element-populated\">\n\t\t\t\t\t\t\t<div class=\"elementor-widget-wrap\">\n\t\t\t\t\t\t<div class=\"elementor-element elementor-element-048888a elementor-widget elementor-widget-text-editor\" data-id=\"048888a\" data-element_type=\"widget\" data-widget_type=\"text-editor.default\">\n\t\t\t\t<div class=\"elementor-widget-container\">\n\t\t\t\t\t\t\t\t<div class=\"elementor-text-editor elementor-clearfix\">\n\t\t\t\t<h2><strong>Trevo Fotoclube: da amizade em sala de aula \u00e0 for\u00e7a coletiva da fotografia<\/strong><\/h2>\n<p><strong>Cursos, eventos e exposi\u00e7\u00f5es fazem do Trevo Fotoclube um espa\u00e7o de aprendizado cont\u00ednuo, valoriza\u00e7\u00e3o dos associados e celebra\u00e7\u00e3o da cultura baiana.<\/strong><\/p>\n<p>O que come\u00e7ou como uma parceria entre colegas de sala de aula em Salvador transformou-se em um coletivo fotogr\u00e1fico marcado pela troca, pela hist\u00f3ria e pelo companheirismo. O Trevo Fotoclube nasceu da amizade entre ex-alunos do curso de Fotografia do Senac\/BA, unidos pelo desejo de seguir produzindo juntos e de explorar a fotografia como instrumento de registro, express\u00e3o e transforma\u00e7\u00e3o social.<\/p>\n<p>\u201cA proposta era reunir, em um \u00fanico projeto, diferentes segmentos ligados \u00e0 fotografia \u2014 como cursos, eventos, expedi\u00e7\u00f5es e a\u00e7\u00f5es culturais \u2014 sempre com foco no aprendizado coletivo e no fortalecimento da produ\u00e7\u00e3o fotogr\u00e1fica\u201d, relembra Franquimar Souza, presidente do clube.<\/p>\n<p>O grupo iniciou suas atividades em 2018, ainda como <strong>Projeto Trevo Fotocoletivo<\/strong>. O nome n\u00e3o foi escolhido por acaso: o trevo de quatro folhas simboliza sorte, esperan\u00e7a, amor e f\u00e9 \u2014 valores que refletem o esp\u00edrito de uni\u00e3o do grupo e seu v\u00ednculo com a natureza, frequentemente presente nas sa\u00eddas fotogr\u00e1ficas.<\/p>\n<p>A primeira expedi\u00e7\u00e3o aconteceu em 10 de agosto de 2018, em S\u00e3o Francisco do Conde, no Rec\u00f4ncavo Baiano. Dois anos depois, em 2020, o projeto se formalizou oficialmente como <strong>Trevo Fotoclube<\/strong>, com registro em cart\u00f3rio e filia\u00e7\u00e3o \u00e0 Confedera\u00e7\u00e3o Brasileira de Fotografia (CONFOTO).<\/p>\n<p>Os associados fundadores foram Ana Carla Cardoso, Gilvan Galdino, Franquimar Souza, M\u00e1rcio Rog\u00e9rio e Selymara Freitas.<\/p>\n<p>Em pouco tempo, o fotoclube consolidou seu espa\u00e7o na cena fotogr\u00e1fica brasileira. Dois momentos s\u00e3o considerados marcos dessa trajet\u00f3ria:<\/p>\n<ul>\n<li>A realiza\u00e7\u00e3o da <strong>XXIII Bienal de Arte Fotogr\u00e1fica em Cores<\/strong>, em 2023;<\/li>\n<li>A participa\u00e7\u00e3o no <strong>3\u00ba Circuito Internacional Brasileiro de Fotografia<\/strong>, em 2025, com a realiza\u00e7\u00e3o do <strong>1\u00ba Sal\u00e3o Internacional de Arte Fotogr\u00e1fica de Salvador<\/strong>.<\/li><\/ul>\n<p><strong>Reconhecimento e destaques individuais<\/strong><\/p>\n<p>O Trevo Fotoclube tamb\u00e9m se destaca pelo reconhecimento individual de seus associados. Entre os nomes que se sobressaem est\u00e3o:<\/p>\n<ul>\n<li>Tet\u00ea Monteiro (@tetemoonteiro55), detentora do t\u00edtulo de Artista Fot\u00f3grafa Brasileira (AFB);<\/li>\n<li>M\u00f4nica Barbosa (@monicabarbosafotografia), medalhista no Bras\u00edlia Photo Show;<\/li>\n<li>Armando CR, autor do livro <em>Os Baianos<\/em>;<\/li>\n<li>Enrique Martin Ambr\u00f3sio, com exposi\u00e7\u00f5es realizadas na Espanha.<\/li>\n<\/ul>\n<p><strong>O olhar sobre a cultura baiana<\/strong><\/p>\n<p>Com forte atua\u00e7\u00e3o na fotografia documental, o clube dedica-se a registrar e valorizar as manifesta\u00e7\u00f5es culturais do estado da Bahia. Por meio de suas expedi\u00e7\u00f5es fotogr\u00e1ficas, o Trevo documenta express\u00f5es culturais, tradi\u00e7\u00f5es populares e o cotidiano das comunidades baianas, contribuindo para a preserva\u00e7\u00e3o da mem\u00f3ria visual e o reconhecimento da diversidade cultural local.<\/p>\n<p>\u201cEssa abordagem fortalece o compromisso do clube com uma fotografia sens\u00edvel, respeitosa e profundamente conectada com a realidade social e cultural que nos cerca\u201d, destaca Souza.<\/p>\n<p><strong>Forma\u00e7\u00e3o, comunidade e visibilidade<\/strong><\/p>\n<p>O Trevo Fotoclube vai al\u00e9m do encontro entre pessoas interessadas em fotografia. A associa\u00e7\u00e3o funciona como um espa\u00e7o permanente de aprendizado, promovendo cursos, palestras, semin\u00e1rios e publica\u00e7\u00f5es que atendem tanto iniciantes quanto fot\u00f3grafos mais experientes.<\/p>\n<p>O clube tamb\u00e9m investe na proje\u00e7\u00e3o e valoriza\u00e7\u00e3o de seus associados. Exposi\u00e7\u00f5es, sal\u00f5es e festivais tornam-se vitrines importantes para os trabalhos desenvolvidos, garantindo visibilidade em diferentes circuitos culturais.<\/p>\n<p>\u201cO apoio m\u00fatuo, o networking e o esp\u00edrito colaborativo fortalecem a autoestima dos participantes e valorizam a diversidade de estilos, trajet\u00f3rias e olhares, reconhecendo cada fot\u00f3grafo como parte fundamental de um coletivo que cresce junto\u201d, afirma o presidente.<\/p>\n<p>A associa\u00e7\u00e3o \u00e9 aberta a qualquer pessoa interessada em fotografia, independentemente do n\u00edvel de experi\u00eancia. Para se tornar membro, basta preencher a ficha de cadastro e efetuar a contribui\u00e7\u00e3o anual.<\/p>\n<p>\u201cNosso objetivo \u00e9 promover um ambiente de troca, aprendizado e valoriza\u00e7\u00e3o da fotografia, onde todos possam crescer juntos, compartilhar experi\u00eancias e desenvolver seu olhar fotogr\u00e1fico\u201d, conclui Franquimar Souza.<\/p>\n<p><strong>Acompanhe o Trevo Fotoclube<\/strong><\/p>\n<p><strong>Site:<\/strong> <a href=\"http:\/\/www.trevofotoclube.com.br\/\">www.trevofotoclube.com.br<\/a><\/p>\n<p><strong>Instagram:<\/strong> @trevofotoclube<\/p>\n<p><strong>Facebook:<\/strong> Trevo Fotoclube<\/p>\n<p><strong>E-mail:<\/strong> <a href=\"mailto:trevofotoclube@gmail.com\">trevofotoclube@gmail.com<\/a><\/p>\n<p><strong>Contato:<\/strong> (71) 99116-1927<\/p>\t\t\t\t\t<\/div>\n\t\t\t\t\t\t<\/div>\n\t\t\t\t<\/div>\n\t\t\t\t\t\t<\/div>\n\t\t\t\t\t<\/div>\n\t\t<\/div>\n\t\t\t\t\t\t\t\t<\/div>\n\t\t\t\t\t<\/div>\n\t\t<\/section>\n\t\t\t\t\t\t<\/div>\n\t\t\t\t\t\t<\/div>\n\t\t\t\t\t<\/div>\n\t\t","protected":false},"excerpt":{"rendered":"<p>Nossa Hist\u00f3ria Trevo Fotoclube: da amizade em sala de aula \u00e0 for\u00e7a coletiva da fotografia Cursos, eventos e exposi\u00e7\u00f5es fazem do Trevo Fotoclube um espa\u00e7o de aprendizado cont\u00ednuo, valoriza\u00e7\u00e3o dos associados e celebra\u00e7\u00e3o da cultura baiana. O que come\u00e7ou como uma parceria entre colegas de sala de aula em Salvador transformou-se em um coletivo fotogr\u00e1fico [&hellip;]<\/p>\n","protected":false},"author":1,"featured_media":0,"parent":0,"menu_order":0,"comment_status":"closed","ping_status":"closed","template":"","meta":{"kt_blocks_editor_width":"","footnotes":""},"class_list":["post-27","page","type-page","status-publish","hentry"],"uagb_featured_image_src":{"full":false,"thumbnail":false,"medium":false,"medium_large":false,"large":false,"1536x1536":false,"2048x2048":false,"vw-eco-nature-homepage-thumb":false,"menu-24x24":false,"menu-36x36":false,"menu-48x48":false},"uagb_author_info":{"display_name":"Admin","author_link":"https:\/\/trevofotoclube.com.br\/index.php\/author\/admin\/"},"uagb_comment_info":0,"uagb_excerpt":"Nossa Hist\u00f3ria Trevo Fotoclube: da amizade em sala de aula \u00e0 for\u00e7a coletiva da fotografia Cursos, eventos e exposi\u00e7\u00f5es fazem do Trevo Fotoclube um espa\u00e7o de aprendizado cont\u00ednuo, valoriza\u00e7\u00e3o dos associados e celebra\u00e7\u00e3o da cultura baiana. O que come\u00e7ou como uma parceria entre colegas de sala de aula em Salvador transformou-se em um coletivo fotogr\u00e1fico&hellip;","_links":{"self":[{"href":"https:\/\/trevofotoclube.com.br\/index.php\/wp-json\/wp\/v2\/pages\/27","targetHints":{"allow":["GET"]}}],"collection":[{"href":"https:\/\/trevofotoclube.com.br\/index.php\/wp-json\/wp\/v2\/pages"}],"about":[{"href":"https:\/\/trevofotoclube.com.br\/index.php\/wp-json\/wp\/v2\/types\/page"}],"author":[{"embeddable":true,"href":"https:\/\/trevofotoclube.com.br\/index.php\/wp-json\/wp\/v2\/users\/1"}],"replies":[{"embeddable":true,"href":"https:\/\/trevofotoclube.com.br\/index.php\/wp-json\/wp\/v2\/comments?post=27"}],"version-history":[{"count":103,"href":"https:\/\/trevofotoclube.com.br\/index.php\/wp-json\/wp\/v2\/pages\/27\/revisions"}],"predecessor-version":[{"id":7558,"href":"https:\/\/trevofotoclube.com.br\/index.php\/wp-json\/wp\/v2\/pages\/27\/revisions\/7558"}],"wp:attachment":[{"href":"https:\/\/trevofotoclube.com.br\/index.php\/wp-json\/wp\/v2\/media?parent=27"}],"curies":[{"name":"wp","href":"https:\/\/api.w.org\/{rel}","templated":true}]}}